or of 2825 and 791.
113
Calculate the highest common factor of 282 and 4371.
141
Calculate the greatest common factor of 110 and 8624.
22
What is the highest common factor of 258 and 344?
86
What is the greatest common factor of 95 and 57?
19
Calculate the highest common factor of 105 and 35.
35
What is the greatest common factor of 322 and 70?
14
What is the highest common factor of 16318 and 246?
82
Calculate the greatest common factor of 16 and 592.
16
Calculate the greatest common divisor of 3231 and 9.
9
What is the highest common factor of 2865 and 15?
15
Calculate the greatest common divisor of 3934 and 14.
14
Calculate the highest common factor of 16 and 672.
16
Calculate the greatest common factor of 12855 and 45.
15
Calculate the greatest common divisor of 1404 and 216.
108
What is the greatest common factor of 1450 and 203?
29
What is the highest common divisor of 374 and 44?
22
Calculate the highest common factor of 1937 and 221.
13
What is the greatest common divisor of 726 and 42?
6
What is the highest common divisor of 73 and 73?
73
What is the highest common factor of 36 and 84?
12
What is the highest common divisor of 759 and 207?
69
What is the greatest common factor of 209 and 190?
19
Calculate the greatest common factor of 897 and 169.
13
What is the highest common divisor of 210 and 560?
70
Calculate the greatest common factor of 882 and 36.
18
What is the greatest common factor of 55 and 5?
5
Calculate the highest common factor of 44 and 436.
4
What is the highest common factor of 69 and 55407?
69
Calculate the greatest common factor of 304 and 2052.
76
What is the greatest common factor of 98 and 8?
2
Calculate the greatest common divisor of 36 and 234.
18
What is the highest common divisor of 1659 and 79?
79
What is the highest common divisor of 822 and 46443?
411
What is the highest common factor of 2686 and 158?
158
What is the highest common factor of 1219 and 53?
53
Calculate the greatest common factor of 384 and 1984.
64
Calculate the greatest common divisor of 125 and 2000.
125
What is the highest common factor of 46 and 2231?
23
What is the highest common divisor of 744 and 620?
124
What is the highest common divisor of 32 and 1456?
16
Calculate the greatest common divisor of 4526 and 219.
73
What is the highest common divisor of 38 and 7334?
38
Calculate the highest common divisor of 690 and 30.
30
What is the highest common factor of 75 and 20775?
75
Calculate the greatest common divisor of 171 and 29412.
171
What is the highest common factor of 6 and 30?
6
What is the highest common factor of 1564 and 184?
92
Calculate the highest common divisor of 25 and 90.
5
What is the greatest common divisor of 8 and 332?
4
Calculate the greatest common divisor of 194 and 2.
2
What is the greatest common factor of 350 and 100?
50
Calculate the highest common divisor of 46 and 35328.
46
What is the highest common factor of 420 and 525?
105
Calculate the highest common factor of 12 and 84.
12
What is the greatest common factor of 42 and 98?
14
What is the highest common divisor of 810 and 30?
30
What is the greatest common divisor of 126 and 714?
42
Calculate the highest common factor of 640 and 720.
80
Calculate the highest common factor of 8 and 2504.
8
Calculate the highest common divisor of 58652 and 43.
43
Calculate the greatest common divisor of 4719 and 78.
39
Calculate the highest common factor of 3192 and 342.
114
Calculate the greatest common factor of 287 and 451.
41
Calculate the highest common factor of 72 and 264.
24
What is the highest common factor of 20702 and 22?
22
Calculate the highest common divisor of 294 and 28.
14
What is the highest common divisor of 229 and 16717?
229
Calculate the greatest common divisor of 768 and 24.
24
What is the highest common factor of 35 and 665?
35
What is the highest common divisor of 135 and 30?
15
Calculate the highest common factor of 29 and 319.
29
What is the greatest common divisor of 35 and 215?
5
Calculate the highest common divisor of 104 and 324.
4
Calculate the greatest common divisor of 11 and 1166.
11
Calculate the greatest common factor of 684 and 72.
36
What is the greatest common factor of 7518 and 84?
42
Calculate the highest common divisor of 18 and 36.
18
What is the highest common factor of 3458 and 26?
26
What is the greatest common factor of 2 and 123?
1
Calculate the highest common divisor of 6 and 984.
6
What is the highest common divisor of 32 and 8?
8
Calculate the greatest common factor of 2 and 1491.
1
Calculate the greatest common factor of 512 and 32.
32
What is the greatest common divisor of 250 and 20?
10
Calculate the highest common divisor of 15 and 147.
3
What is the greatest common factor of 22 and 737?
11
Calculate the highest common divisor of 150 and 21075.
75
Calculate the greatest common factor of 21 and 2359.
7
Calculate the greatest common factor of 567 and 315.
63
Calculate the greatest common divisor of 2782 and 26.
26
What is the greatest common divisor of 11 and 22?
11
Calculate the highest common divisor of 35 and 49.
7
Calculate the highest common divisor of 17836 and 392.
196
Calculate the highest common factor of 9 and 144.
9
What is the greatest common factor of 800 and 64?
32
Calculate the highest common factor of 817 and 430.
43
Calculate the highest common divisor of 1040 and 40.
40
What is the highest common factor of 3 and 45?
3
What is the highest common divisor of 90 and 240?
30
What is the highest common factor of 2 and 3231?
1
What is the highest common divisor of 1501 and 553?
79
What is the highest common divisor of 1534 and 118?
118
What is the highest common divisor of 98 and 1323?
49
Calculate the highest common divisor of 126 and 938.
14
What is the highest common factor of 2867 and 122?
61
Calculate the highest common factor of 352 and 242.
22
Calculate the greatest common divisor of 32034 and 228.
114
What is the greatest common divisor of 301 and 28?
7
What is the highest common divisor of 355 and 10?
5
What is the greatest common divisor of 308 and 66?
22
What is the greatest common divisor of 49 and 3871?
49
What is the greatest common divisor of 432 and 6?
6
What is the greatest common divisor of 735 and 915?
15
What is the greatest common divisor of 31 and 992?
31
What is the highest common factor of 32 and 48736?
32
Calculate the greatest common divisor of 344 and 8428.
172
Calculate the greatest common divisor of 26 and 1.
1
What is the greatest common factor of 3525 and 94?
47
Calculate the greatest common factor of 210 and 30.
30
What is the greatest common divisor of 576 and 128?
64
What is the greatest common factor of 246 and 1804?
82
Calculate the highest common divisor of 165 and 66.
33
What is the greatest common divisor of 10 and 13290?
10
Calculate the greatest common factor of 639 and 9.
9
What is the highest common divisor of 4 and 512?
4
What is the highest common divisor of 6 and 1146?
6
Calculate the highest common factor of 741 and 57.
57
Calculate the highest common divisor of 198 and 9.
9
What is the greatest common divisor of 375 and 15?
15
What is the greatest common divisor of 605 and 44?
11
What is the greatest common factor of 1700 and 85?
85
What is the greatest common divisor of 63 and 315?
63
What is the highest common divisor of 899 and 31?
31
What is the greatest common factor of 246 and 697?
41
Calculate the greatest common divisor of 17 and 1003.
17
Calculate the greatest common factor of 66 and 66.
66
What is the greatest common divisor of 399 and 63?
21
Calculate the greatest common divisor of 1335 and 60.
15
What is the highest common divisor of 14841 and 17?
17
What is the highest common divisor of 180 and 120?
60
What is the highest common divisor of 732 and 108?
12
What is the greatest common divisor of 16 and 1544?
8
Calculate the highest common factor of 1221 and 26048.
407
Calculate the greatest common divisor of 143 and 11.
11
Calculate the greatest common divisor of 1834 and 14.
14
Calculate the greatest common factor of 198 and 43362.
198
What is the highest common factor of 100 and 700?
100
Calculate the greatest common factor of 15 and 93.
3
Calculate the greatest common factor of 2 and 670.
2
Calculate the highest common divisor of 3 and 6609.
3
Ca